- 56, -3*g = -w + g + 8. What is the greatest common divisor of w and 2?
2
Suppose -160 - 400 = 3*r - 5*k, 5*k + 25 = 0. Let a = r - -299. Calculate the highest common factor of 13 and a.
13
Let p(j) = -j**3 - 6*j**2 - 10*j - 4. Let n be p(-6). Calculate the highest common divisor of 14 and n.
14
Let i = 1 - -1. Let w(q) = 6 + 3*q**3 - 2*q**3 - 1 - 3 - 3*q**2 + i*q. Let o be w(2). Calculate the highest common factor of o and 8.
2
Let o be 16/(-6)*(-3 + 0). Suppose -3*y - 4*x + 36 = 0, -5*x = y - 3*y + 24. What is the highest common factor of o and y?
4
Let i(b) = -5*b + 10. Let a be i(-4). Calculate the highest common factor of a and 75.
15
Suppose 0 = t + 16 - 158. Let n = t - 89. Suppose -5*f + 73 = -2*f - 2*h, -3*f - 2*h + n = 0. What is the highest common divisor of 3 and f?
3
Let q(v) = -3*v**2 - 4*v - 5. Let g(w) = -7*w**2 - 9*w - 10. Let d(n) = -6*g(n) + 13*q(n). Let f be d(-4). What is the highest common divisor of 5 and f?
5
Suppose 3*g = 2*g + 17. Calculate the highest common factor of 119 and g.
17
Let v be -1*(24/9)/(3/(-9)). Calculate the greatest common divisor of v and 64.
8
Suppose -2*z = 4*o - 218, -z = o - 22 - 32. Let c(y) = y**2 - 4*y - 7. Let s = 1 - -5. Let d be c(s). What is the highest common divisor of o and d?
5
Suppose 40 = 5*m - 5*a, 12 + 0 = m + 3*a. Suppose -3*t + 33 + m = 0. Calculate the greatest common divisor of 2 and t.
2
Suppose 60 = 5*k - 440. Calculate the greatest common divisor of 25 and k.
25
Let z be (-2)/6 - (-76)/12. What is the highest common factor of z and 1?
1
Let q = 14 - 8. Suppose -2*d - 67 = 5. Let a = d - -54. Calculate the highest common divisor of a and q.
6
Let s = 11 - 0. Let v = s - 10. What is the greatest common factor of v and 1?
1
Suppose -4*u - 4 = r - 137, 0 = 3*r + 3*u - 363. What is the highest common factor of r and 13?
13
Let y be -83 - (8/(-2) - -1). Let q = 152 + y. Calculate the highest common factor of 18 and q.
18
Let z(p) = 2*p**2 + p - 2. Let i be z(-3). What is the greatest common factor of i and 117?
13
Let y(k) = -4*k + 8. Let t(n) = -4*n + 8. Let r(u) = -5*t(u) + 4*y(u). Let q be r(8). Calculate the highest common divisor of q and 12.
12
Let k(n) = n**3 - 4*n**2 + 2*n - 4. Let h be k(4). Calculate the greatest common factor of h and 4.
4
Suppose 3*r + 4*o - 191 = 0, 4*o - 10 = -o. Calculate the greatest common divisor of r and 305.
61
Let f(h) = h**3 + 7*h**2 + 3*h - 3. Let j be f(-6). What is the highest common factor of j and 30?
15
Suppose i + 2*v - 44 = -3*i, 0 = -3*i + 5*v + 20. Calculate the highest common divisor of 4 and i.
2
Suppose r + 137 = 2*r - m, -4*m = -5*r + 683. Suppose -45 = -i - 2*i. Calculate the highest common divisor of r and i.
15
Suppose -3*v = -2*q - 98, -v + q - 18 + 52 = 0. Suppose 0 = -9*t + 4*t + 90. Let c be (-1)/((-3)/t*1). What is the highest common divisor of v and c?
6
Suppose 5*k - 325 = -0*k. Let q = 39 + -13. What is the greatest common factor of q and k?
13
Let i(q) = q - 1. Let l(z) = -z + 2. Let u(c) = 5*i(c) + 3*l(c). Suppose 1 = -5*n + 26. Let t be u(n). Calculate the highest common factor of 1 and t.
1
Let v = 256 - 169. Calculate the greatest common divisor of 29 and v.
29
Let m be 52/10 + 1/(-5). Suppose -m*k - 18 = -7*k. Calculate the greatest common divisor of 3 and k.
3
Let p be (-8)/20 + 32/5. What is the greatest common divisor of p and 6?
6
Suppose 4*f + 27 = 83. What is the highest common divisor of 98 and f?
14
Let k be 6 + 3/(0 + -1). Suppose -5*v = 2*f - 38 + 9, 2*v = 4*f - 46. What is the greatest common factor of f and k?
3
Let x = -19 + 30. What is the highest common factor of x and 22?
11
Suppose 4*z - 3 = -7, 3*t - z - 73 = 0. Calculate the greatest common divisor of t and 72.
24
Let v = 62 - 45. Calculate the greatest common factor of 51 and v.
17
Let f = -74 - -76. Calculate the highest common factor of 54 and f.
2
Suppose -20 = 5*v - 5*u, -3*u = -2 - 1. Suppose -2*r - 2*r = 0. Let a be (19 - r) + 2 + v. Calculate the greatest common factor of 6 and a.
6
Let g be 8 + -8 + (2 - -2). Let m(t) = 5*t - 10. Let s be m(g). What is the greatest common factor of s and 5?
5
Let u be 6/27 - 32/(-18). Suppose -u = -3*a + 13. What is the greatest common divisor of a and 25?
5
Let k(g) = 3*g**3 + 1. Let a be k(2). Calculate the highest common factor of 200 and a.
25
Suppose -3*b = -4*x + 41, -x + 0*b + b + 11 = 0. Suppose 109 = 3*i - 107. What is the greatest common factor of i and x?
8
Let w(g) = -12 + 5*g - g - 2*g + 2*g. Let d be w(12). Suppose 3*r = -4*t + 4*r + 211, 0 = -4*t + 5*r + 191. What is the highest common factor of t and d?
18
Suppose 4*g + g = 60. What is the highest common divisor of 48 and g?
12
Suppose 4*p + 3*w = -31, 24 = -3*p - 5*w - 2. Let b(r) = r**2 - 2*r - 3. Let j be b(p). What is the greatest common divisor of j and 40?
20
Let p(w) = 2*w**2 + 6*w. Let f be p(8). What is the greatest common divisor of f and 22?
22
Suppose 5*a - 6*a + 3 = 0. Suppose 2*c - 36 = -4*k, 0 = 4*c - a*c - 3*k - 18. Calculate the highest common divisor of 72 and c.
18
Suppose 52 = 4*t - 8. Let q = 7 + t. Let u = 47 - 14. Calculate the highest common factor of u and q.
11
Let i(b) = 5*b - 2 - 103*b**2 - 2 + 107*b**2. Let f be i(4). Calculate the highest common divisor of f and 32.
16
Let n be (-1)/(4 + (-84)/20). What is the greatest common factor of 15 and n?
5
Suppose k = 5*o + 2*k - 30, -25 = -3*o - 2*k. Suppose -o*q + 237 = 62. Let r = 26 - 12. Calculate the greatest common factor of q and r.
7
Suppose -4*r = 5 + 11. Let j be (-18)/4*r/3. Let z be (4/(-6))/(1/(-9)). Calculate the greatest common factor of z and j.
6
Let p(o) = -o + 2. Let u be p(-4). Calculate the highest common divisor of 2 and u.
2
Suppose 0 = -3*w - 5*v + 220, w - 3*v - 66 = -v. What is the highest common factor of 20 and w?
10
Let n be 3*(8/3 - 2). Let g be (16/(-12))/(n/(-30)). Calculate the highest common divisor of g and 5.
5
Suppose -2*o = 3*o - 5*b - 90, -4*o + 74 = -2*b. Calculate the greatest common divisor of 19 and o.
19
Let o = 27 + -18. Let m be 2 - (0 + 1 - o). What is the highest common divisor of 10 and m?
10
Suppose -1 + 10 = 3*n. Suppose -4*c = -n*c - 26. Let q(w) = 12*w - 7. Let b be q(6). What is the greatest common factor of c and b?
13
Let q(o) = -o**3 - 13*o**2 + 5. Let f be q(-13). Suppose -3*k + 120 = 5*b, -f*b = -2*k - k - 120. Calculate the greatest common divisor of b and 96.
24
Suppose 4*i = -4 + 20. Let m be (-1696)/(-12) + i/(-3). Let s(u) = 4*u**3 - 2*u**2 + 2*u. Let n be s(2). What is the greatest common factor of m and n?
28
Let p be ((-4)/10)/(2/(-10)). Let g be (-3 - 30)*p/(-6). Let j = -54 + 98. What is the greatest common divisor of g and j?
11
Let q = 957 - 549. Suppose -4*l - 5*b = q, -l - 3*b = 2*b + 102. Let r be -2*l/4 + -1. Calculate the highest common divisor of 20 and r.
10
Suppose 3*k + 3*t - 9 = 42, 2*k - t = 34. What is the greatest common factor of k and 153?
17
Let k(i) = i + 22. Let b be k(10). Calculate the greatest common divisor of 8 and b.
8
Let h = -37 + 55. Suppose -h = -4*b + w, 3*b + 0*w = -w + 17. Let l = -8 + 63. What is the highest common factor of b and l?
5
Suppose -5*c + 3 = -5*i - 2, 2*i - 2 = 0. Suppose 3*t = t - c*v + 8, -4*t + v = -21. Suppose -t*y + 13 = -17. What is the highest common divisor of 2 and y?
2
Let i(z) = z**2 + 7*z + 2. Let p be i(-8). Let u = 16 - p. Suppose -u = t - 3*t. What is the highest common factor of 3 and t?
3
Let g(z) = -11*z - 6. Let s be g(-6). Let y(w) = -w - 22. Let a be y(19). Let h = a - -61. What is the greatest common divisor of s and h?
20
Suppose -4*m - 113 = -5*b - 33, 0 = 5*b + 5*m - 35. What is the highest common divisor of b and 84?
12
Suppose -6 = -2*j, 0*a - 5*j + 95 = -4*a. Let w be a - (-3)/(-4 + 1). Let n be 498/21 + (-6)/w. What is the highest common divisor of n and 60?
12
Let m = 57 + -27. Calculate the greatest common divisor of 6 and m.
6
Let k = -11 + 20. Calculate the highest common factor of k and 9.
9
Let c be 1 - (-34)/6 - 1/(-3). Suppose -5*z = p - 75, 0*p - 75 = -5*z + p. Let r = 22 - z. What is the greatest common factor of r and c?
7
Let x = -6 - -10. Suppose -x*d + 42 = -78. What is the highest common factor of d and 45?
15
Let k(r) = -10*r - 4. Let f be k(-4). Suppose -4*n - f = -8*n. Let g = 2 + 70. What is the 